+ 5 + -7)/(-1) is divided by a.
5
Suppose 5*v = v + 1140. Let r(l) = 429*l - 2962. Calculate the remainder when v is divided by r(7).
39
Let j = 2331 + -2239. What is the remainder when 128 is divided by j?
36
Suppose 282 = f - 2*r, -2*r + 546 = 2*f - 0*r. Let o = f + -150. Let a = 35 - 19. Calculate the remainder when o is divided by a.
14
Let l = 11435 - 11430. Suppose 3*c - 15 = -0*c. Suppose c*d - 46 = -11. Calculate the remainder when d is divided by l.
2
Let r(u) = u**2 - 34*u - 275. Let m be r(-7). Let h(f) = 15 + 26 - 3*f + f. What is the remainder when 66 is divided by h(m)?
15
Suppose 2*g = 835*f - 832*f - 999, 2*g = -2*f + 646. Calculate the remainder when 631 is divided by f.
302
Let v(t) = t**3 - 4*t**2 - t + 7. Let d = -151 - -156. Let m(r) = 2*r**3 + r**2 - 5*r + 4. Calculate the remainder when m(3) is divided by v(d).
25
Let x = -690 - -864. Calculate the remainder when 692 is divided by x.
170
Suppose 2*y = 3*w + w - 596, 596 = 4*w + 3*y. Suppose 4*v - w = 27. Let p = 12 + 12. What is the remainder when v is divided by p?
20
Let l(m) = 10*m - 59. Let h be l(2). Let j = h + 64. What is the remainder when 88 is divided by j?
13
Suppose -5*l + 7*l = 268. Let m = -39 + l. Suppose -9938*y = -9811*y - 6223. What is the remainder when m is divided by y?
46
Let c(m) = 2*m**2 - 14*m + 6. Let a be c(7). What is the remainder when 231 is divided by -26*(21/a)/(-7)?
10
Let x = -32 - -22. What is the remainder when ((-42)/735*-90)/((-2)/(-21)) is divided by (-93)/(-5) + (-4)/x?
16
Let c = 99 - 25. Calculate the remainder when c is divided by (-12691)/(-222) + -24 - -1*(-2)/12.
8
Suppose -2*l + 2828 = 2*c, -l - 3*c = -121 - 1283. Let m be l/(-13) + 2/13. Let n = m - -160. Calculate the remainder when 100 is divided by n.
49
Let p = -9 - -111. Suppose -485*x + p = -482*x. What is the remainder when x is divided by 21?
13
Suppose -w + 5*w + q - 530 = 0, 0 = -6*w - q + 794. What is the remainder when w is divided by 55?
22
Let m = 32818 + -32698. What is the remainder when 6957 is divided by m?
117
Let x = 9017 - 4136. What is the remainder when x is divided by 19?
17
Suppose 45 = -q + 52. Suppose -221 - 17 = -q*p. Let h = 38 + 26. Calculate the remainder when h is divided by p.
30
What is the remainder when 316 is divided by ((-982)/176 - (-38)/304)*44/(-8)?
16
Let z(l) = -14*l**2 - 2. Let n be z(2). Suppose 27*h + 1677 = -12*h. Let b = h - n. What is the remainder when 24 is divided by b?
9
Let w = -773 - -891. Calculate the remainder when w is divided by 19.
4
Let a = -1415 + 2273. Suppose -a = 11*q - 33*q. Calculate the remainder when 191 is divided by q.
35
Let r(u) = -u**3 - 7*u**2 + 12*u + 11. Let j be r(-8). What is the remainder when 107 + ((-69)/j - 4/14) is divided by 28?
26
Let z = 289 - -1024. What is the remainder when z is divided by 326?
9
Suppose -16*i - 3373 = -10493. Let r = 7 - 7. Suppose r = 6*f - f - i. Calculate the remainder when f is divided by 23.
20
Calculate the remainder when 66/(-4)*21/((-1386)/2992) is divided by 740.
8
Suppose 16066 - 38905 = -32*r + 69161. Calculate the remainder when r is divided by 956.
7
What is the remainder when ((48/(-18))/(-2))/(40/18510) is divided by 614?
3
Suppose 681*v = 549*v + 2772. What is the remainder when v is divided by 8?
5
Suppose 14 = -h + 19. Suppose -4*t - 4*z - 25 = -z, -h*z + 45 = -2*t. What is the remainder when ((-4)/t)/(1/115) is divided by 12?
10
Let t = -6034 - -6070. What is the remainder when 206 is divided by t?
26
Let c = -1182 - -2718. What is the remainder when c is divided by 19?
16
Suppose -2 = -2*x, -2*z + 921 = 2*x + 235. Calculate the remainder when z is divided by 68.
2
Let p(v) = -3*v. Suppose w - 4*l = 97, 0 = 2*w + 858*l - 864*l - 162. Calculate the remainder when w is divided by p(-3).
6
Let a = 6877 + -6847. Calculate the remainder when 90 + -3 - 0/1 is divided by a.
27
Suppose -2*o = -12, 53*n - 51*n - 382 = 5*o. What is the remainder when n is divided by 45?
26
Let i = 31532 + -31000. What is the remainder when 544 is divided by i?
12
Suppose -7*h = -1 - 6. Suppose 2*m - 66 + 12 = 0. What is the remainder when m is divided by (h - (-51)/(-6))/(6/(-8))?
7
Let m(p) = -43*p + 650. What is the remainder when (-3)/5 - 1796/(-10) is divided by m(13)?
88
Let k(t) = 892*t - 1438. Calculate the remainder when k(5) is divided by 334.
16
Let k(j) = -18*j**3 - j. Let f = 1 - 2. What is the remainder when k(f) is divided by ((-56)/(-18))/((-18)/(-1) - 59040/3321)?
5
Let v(t) = t**3 - 5*t**2 + 2*t + 4. Let f be (1 - 2) + 12/2. Suppose -i + 22*g - 42*g = -246, -3*g = -i - 7. What is the remainder when i is divided by v(f)?
12
Suppose 3*l + 2*l = -5*y - 735, 4*y + 624 = 5*l. Let f = 177 + y. What is the remainder when 94 is divided by f?
16
Let b(p) = -7*p + 3*p**2 + 8*p + p**3 - 6*p**2 + 1. Let t be b(2). Calculate the remainder when 10 is divided by 4 - -2 - (t - -3).
2
Suppose 3*k - 76 = 5*t, 4*k + 79 = 2*t + 171. Calculate the remainder when 22 is divided by k.
0
Suppose 404*t = 408*t + 3*l - 977, -4*t + 3*l + 959 = 0. What is the remainder when 2169 is divided by t?
233
What is the remainder when 641 is divided by (-5 + (-213)/(-5))/(8/60)?
77
Let y(w) = -w**2 + 37*w - 297. Suppose 4 = j + j. What is the remainder when y(24) is divided by j?
1
Calculate the remainder when 37 is divided by (-378)/(-45) + 5/(-50)*4.
5
Suppose 34*o - 7635 - 5217 = 0. Calculate the remainder when o is divided by 35.
28
Let s(o) = -56*o - 1. What is the remainder when s(-2) is divided by 18/(-31*738/(-8897))?
6
Let n = -3373 + 3585. What is the remainder when n is divided by 36?
32
Let v = -667 + 664. What is the remainder when -7 - ((-2 - 1) + v) - -202 is divided by 55?
36
Suppose 0 = -9*x + 16*x - 1595 - 365. Calculate the remainder when x is divided by 12.
4
Let d = 373 - 217. Let j = d + -134. What is the remainder when 108 is divided by j?
20
Suppose 5*v - 2*k = 20, -3*v + 3*k - 45 = -8*v. Let q = 33 + v. Calculate the remainder when 228 is divided by q.
33
Suppose -5*f = -4*r + 16, 0 = -r + 3*f - 5*f + 4. Suppose -r*u - 630 = -25*u. What is the remainder when u is divided by 4?
2
Suppose -i - 51 = -4*a, 5*i = 554*a - 553*a - 27. Calculate the remainder when (-10 - -11)/(1/89) is divided by a.
5
Let m = 1423 - 1325. Calculate the remainder when 973 is divided by m.
91
Calculate the remainder when 50 is divided by ((-20)/8 - -4)/(48/704).
6
Let r = -206 + 206. Suppose r = 510*v - 506*v - 80. What is the remainder when v is divided by 10?
0
Let l = 426 - 848. Let v = 23 - 267. Let j = v - l. Calculate the remainder when j is divided by 20.
18
Calculate the remainder when 384 is divided by (32 + -3 + -26)*68/3.
44
Let y(d) = -5*d**3 - 3*d**2 + 2*d. Let c(v) = -362*v + 1453. Calculate the remainder when y(-3) is divided by c(4).
2
Suppose -5*o - 2*f - 72 = -f, -o = 2*f + 18. Let l be (-12)/21*o/4. Suppose -31 - 13 = -l*z. What is the remainder when 107 is divided by z?
19
Suppose 0 = -g + 20*g - 171. Suppose -5*c + 26 = 3*v, -7*c = -2*v - g*c + 20. What is the remainder when 19 is divided by v?
7
Let d be (6/10)/((-7)/(-35)). Suppose 3*s + d*s = 12. What is the remainder when 52 is divided by s?
0
Suppose -33*n = 403*n + 3682 - 488950. Calculate the remainder when n is divided by 56.
49
Suppose 29 + 21 = -10*m. Let i = m - -188. What is the remainder when i is divided by 6?
3
What is the remainder when 2390 is divided by 3/(-12) + 1295/28?
44
Let l(x) = 14*x + 201. Let y be l(-14). Let i = -12 - -20. What is the remainder when y/(-15)*126/(-3) is divided by i?
6
Suppose 0 = -h + x + 131, -205*h + 202*h - 5*x + 401 = 0. Calculate the remainder when h is divided by 4.
0
Suppose 0 = -2596*f + 2606*f - 580. Suppose 0 = -10*w + 6*w + 20. Calculate the remainder when f is divided by w.
3
Let b(n) = -n**2 - 14*n. What is the remainder when 1270 is divided by b(-13)?
9
Let w(i) = i**2 - 23*i + 4. Let n be w(24). Suppose 32*u - 224 = n*u. Suppose -u - 40 = -3*j. Calculate the remainder when 119 is divided by j.
23
Suppose -5*p + 40 = 30. Suppose 4*q = -p*b + 8*q + 62, -b + 16 = q. Calculate the remainder when b is divided by (1 + 0)*2*3.
3
Let r = 45 - 20. Suppose 2*q - 3*q + r = 4*f, 0 = -5*q + f + 188. Suppose -q*u + 32*u = -395. Calculate the remainder when u is divided by 21.
